alculate the remainder when k is divided by z(c).
4
Let h be (0 + 23/2)*2. Suppose -7 = -2*n - 3*f + h, 0 = 5*n - f - 92. Suppose 0 = o + 6*o - 70. Calculate the remainder when n is divided by o.
8
Let o(w) = 2*w**2 - w. Let d(s) = -s + 1. Calculate the remainder when o(-2) is divided by d(-3).
2
Let g be 138/(-8) + 1/4. Let b = 10 - g. What is the remainder when b is divided by 7?
6
Suppose 2*n - 1 - 5 = 0. Calculate the remainder when n is divided by 0/(-5) - (4 + -5).
0
Let s = -43 - -66. Let z = -12 + 25. Let a = 25 - z. What is the remainder when s is divided by a?
11
Let o be 2*(0 - 1) + 0. Let s(k) = -8*k - 1. Calculate the remainder when 27 is divided by s(o).
12
Suppose 0 = b + x - 152, 5*x = 5*b + x - 787. Suppose -5*f - 3*j = -0*j - b, 0 = j. What is the remainder when f is divided by 11?
9
Suppose -l = -4*u - 0*l + 8, 0 = l. Let q(p) = 2*p**2 - p + 1. Suppose 0 = 4*w - 9 - 7. Calculate the remainder when q(u) is divided by w.
3
Suppose h + 5 = -5*r, -h + 9 + 21 = -2*r. What is the remainder when 78 is divided by h?
18
Let y = -3 + 5. Let a = y + 45. Calculate the remainder when a is divided by 12.
11
Let k = 127 - 110. Calculate the remainder when 48 is divided by k.
14
Let d(r) = -6*r**2 - 6*r - 5. Let z(w) = 18*w**2 + 17*w + 14. Let y(a) = 17*d(a) + 6*z(a). Let x = 12 + 1. What is the remainder when x is divided by y(1)?
3
Let n(f) = 17*f**3 + f**2 + 3*f - 4. Suppose -2*c = h - 9, -3*h - 2*h = -4*c - 45. Calculate the remainder when n(1) is divided by h.
8
What is the remainder when 7 is divided by 8/20 - (-1 - (-36)/(-10))?
2
Let g(d) be the second derivative of -d**5/20 + d**4/12 + d**3/6 - 2*d. Let v be g(2). What is the remainder when 7 is divided by (2/(-2))/(v/8)?
3
Suppose 22*k = 26*k - 284. Calculate the remainder when k is divided by 36.
35
Suppose -3*v + 3 = -9. Let x(j) = j + 1 + 4*j**2 - j**3 - 1. Calculate the remainder when 15 is divided by x(v).
3
Suppose 4*l = 5*j - 20, -5 = 4*j - j + l. Suppose -2*t + 11 + 15 = j. Calculate the remainder when 35 is divided by t.
9
Suppose 10 = 4*i + 2*f, -3*i - i - f + 13 = 0. Let x be ((-12)/(-10))/(i/10). Suppose x*q = 2 + 52. What is the remainder when q is divided by 10?
8
Suppose 3*y = 5*c + 33 + 8, -2*c - 1 = y. Let q(u) = -u + 10. Let z be q(y). Suppose -z = -2*o + 5. What is the remainder when o is divided by 2?
0
Let y = 4 - 4. Let r = 9 - 6. Suppose y = -4*o - r*k + 95, 3*k + 0*k = 15. What is the remainder when o is divided by 7?
6
Let g(x) = 2*x**2 + 5*x - 2. Let k(a) = a**2 + 3*a - 2. Let q be k(-2). What is the remainder when g(q) is divided by 4?
2
Let v = 36 + -23. Calculate the remainder when 62 is divided by v.
10
Let m = -7 - -24. Suppose l - 7 - m = 0. Let u = l + -11. Calculate the remainder when 50 is divided by u.
11
Let j(h) = -7*h - 15. Calculate the remainder when j(-7) is divided by 9.
7
Suppose -3*i + 0*i + 24 = 0. Suppose -5*l = -3*l - i. Suppose 0 = l*z + 3*a - 86, 0*a - 5*a = 4*z - 90. What is the remainder when 39 is divided by z?
19
Let o be 40/3*(-15)/(-10). Suppose 5*t + 2*b - o = -0*b, 0 = -3*t + 2*b + 28. What is the remainder when t/27 - 160/(-9) is divided by 10?
8
Let c = -10 + 11. Suppose 0 = -4*i + 3*d + d - 4, 5*d - 15 = 0. Calculate the remainder when i is divided by c.
0
Let n(d) = -d**3 + 11*d**2 - 11*d + 1. What is the remainder when n(9) is divided by 22?
20
Suppose -4*o - 11 = -9*m + 4*m, 0 = 4*m - 3*o - 9. Let y = m + 7. What is the remainder when 17 is divided by y?
7
Suppose -z = -6*z + 3*i + 67, -z - i + 15 = 0. Let r = z - 9. Suppose -r = -a - 0*a. Calculate the remainder when 9 is divided by a.
4
Suppose 0 = -10*f + 45 + 165. Calculate the remainder when 59 is divided by f.
17
Let v(f) = -3*f. Let o be v(-1). Suppose 7 + o = 2*l - 2*i, i + 26 = 4*l. Calculate the remainder when l is divided by 3.
1
Suppose 6 = -3*p - 3. Calculate the remainder when p - 6*(-1)/1 is divided by 2.
1
Suppose -4*s + 5*f + 17 = -46, 0 = -s - 3*f + 3. Calculate the remainder when 34 is divided by s.
10
Let i = -1 + -5. Let x(o) = -7*o**2 - 11*o - 9*o + 14*o - o**3 + 7. What is the remainder when 13 is divided by x(i)?
6
Let r = 28 - 27. Suppose -3*z = -2*u + 39, 3*z + r + 8 = 0. Calculate the remainder when 26 is divided by u.
11
Suppose 0 = 5*z - 2*w - 245, -5*z + 104 + 106 = 5*w. Let u(i) = -i**2 + 6*i + 7. Calculate the remainder when z is divided by u(5).
11
Calculate the remainder when 13 is divided by (-16)/60*3*-5.
1
Suppose 3*j - 13 = d, 5*j + 0*d - 27 = 3*d. Suppose -j*r = -0*r - 126. Calculate the remainder when r is divided by 15.
12
Let o(a) = -2*a**3 - 2*a**2 - 2*a - 1. What is the remainder when 122 is divided by o(-3)?
40
Suppose -42 = 11*n - 12*n. What is the remainder when 123 is divided by n?
39
Suppose 3*v = 4*d - 767, -2*d + 4*v + 207 = -169. What is the remainder when d is divided by 28?
26
Suppose -5*o = -o - 4*h - 92, 0 = -o + 3*h + 27. What is the remainder when o is divided by 10?
1
Let t(n) = 6*n**2 + 1. Let y = 3 - 4. Let z(k) = 2*k - 6. What is the remainder when z(13) is divided by t(y)?
6
Let v(g) = 0*g - 19*g**3 - g - 3*g**3 + 4*g**3. What is the remainder when v(-1) is divided by 4?
3
Calculate the remainder when 87 is divided by (5 + -2)*(0 + 5).
12
Let i = 36 - 19. Calculate the remainder when 48 is divided by i.
14
Let n(g) = -4*g**2 + g + 1. Let q(c) = c**2 + c. Let a(l) = -n(l) + 3*q(l). Calculate the remainder when 22 is divided by a(1).
6
Let n = 14 + -11. Suppose w + 14 = n*w. What is the remainder when w is divided by 4?
3
Let l = 45 + -29. What is the remainder when 43 is divided by l?
11
What is the remainder when (-3124)/110*-5*1/2 is divided by 13?
6
Let r = 129 - 74. What is the remainder when r is divided by 14?
13
Suppose 0 = -5*s, -5*m + 3*m + 4*s = -64. Calculate the remainder when 63 is divided by m.
31
Let z be (2 - 2) + (-2 - -3). Let v be (-3)/(-1)*z + 0. Calculate the remainder when 24 is divided by (v*6)/((-6)/(-3)).
6
Let g(z) = 7*z. Calculate the remainder when 207 is divided by g(6).
39
Suppose -2*i = -i - 3. Suppose 4*s - 47 = i*m, 2*s - 2*m = -2*s + 46. Suppose -23 + 63 = 2*y. Calculate the remainder when y is divided by s.
9
Suppose -42*k - 141 = -45*k. What is the remainder when k is divided by (5 + -1)/(8/20)?
7
Let v = 39 - -2. Suppose -3*g + v = 4*d - 2*g, -3*d - 4*g + 34 = 0. Calculate the remainder when d is divided by (-49)/14*12/(-7).
4
Let p(t) = t**3 - 4*t**2 - 8*t - 1. Suppose 0 = 2*o - 3*y - 15, 4*o - 2*y = 2 + 24. Calculate the remainder when p(o) is divided by (60/(-50))/((-1)/10).
11
Suppose -280 = -17*b + 383. Let u(t) = -6*t - 4. What is the remainder when b is divided by u(-3)?
11
What is the remainder when 36 is divided by (((-2)/(-6))/(5/390))/2?
10
Let x = -29 + 45. Suppose 141 = -26*u + 29*u. What is the remainder when u is divided by x?
15
Let g(s) = 19*s + 19. What is the remainder when g(5) is divided by 29?
27
Suppose 7 + 2 = h. Let m = 19 - h. Calculate the remainder when m is divided by 4.
2
Suppose -3*u = 4*d - 57, -4*d - 2*u + 64 - 2 = 0. Calculate the remainder when 33 is divided by d.
15
What is the remainder when 152 is divided by (-5 + 3)/(6/(-117))?
35
Suppose -2*j - 54 = -4*j + 4*h, -20 = -5*h. Suppose 2*i + 0*a - 8 = 3*a, 2*i = 5*a. Calculate the remainder when j is divided by 2/1 - i*-1.
11
Let r = -5 - -28. Let t(o) = o**3 - 5*o**2 + 7*o - 4. Calculate the remainder when r is divided by t(4).
7
Suppose 0*q = -3*q, w + 4*q = 45. Calculate the remainder when w is divided by 16.
13
Suppose -4 = -4*m + 8*m. Let r = m - -9. Calculate the remainder when 23 is divided by r.
7
Suppose -4 = 3*s - 2*k, -6 = s - 3*k - 0*k. Suppose 0 = f - s*f - 6. Calculate the remainder when f is divided by 4.
2
Suppose -3*x = x - 12. Let g(s) = -2*s**2 + 4*s. Let n be g(x). Let o = n - -17. What is the remainder when o is divided by 6?
5
Let q(c) = -27*c + 6. What is the remainder when q(-3) is divided by 22?
21
Let q(i) = 2*i + 2. Calculate the remainder when 45 is divided by q(7).
13
Suppose 0 = 4*r - 50 + 6. Calculate the remainder when 20 is divided by r.
9
Suppose 0 = 2*c + 2*c - 8. Suppose 2*t + c*t - 116 = 0. Suppose 0 = 4*w - 4*n - 24, 4*n = -w + 21 + 5. Calculate the remainder when t is divided by w.
9
Suppose 4*s - 5*n - 75 = 0, -2*s - n + 40 = -1. Suppose 0 = 